{"id":25,"date":"2017-01-12T08:23:49","date_gmt":"2017-01-12T08:23:49","guid":{"rendered":"http:\/\/hernandohurtado.com\/wordpress\/wordpress\/?page_id=25"},"modified":"2024-11-26T09:31:26","modified_gmt":"2024-11-26T09:31:26","slug":"miel-de-calidad","status":"publish","type":"page","link":"https:\/\/hernandohurtado.com\/?page_id=25","title":{"rendered":"Miel de Calidad"},"content":{"rendered":"\t\t<div data-elementor-type=\"wp-post\" data-elementor-id=\"25\" class=\"elementor elementor-25 elementor-bc-flex-widget\" data-elementor-post-type=\"page\">\n\t\t\t\t\t\t<section class=\"elementor-section elementor-top-section elementor-element elementor-element-66v64c1 elementor-section-boxed elementor-section-height-default elementor-section-height-default\" data-id=\"66v64c1\" data-element_type=\"section\" data-e-type=\"section\">\n\t\t\t\t\t\t<div class=\"elementor-container elementor-column-gap-default\">\n\t\t\t\t\t<div class=\"elementor-column elementor-col-100 elementor-top-column elementor-element elementor-element-mowu685\" data-id=\"mowu685\" data-element_type=\"column\" data-e-type=\"column\">\n\t\t\t<div class=\"elementor-widget-wrap elementor-element-populated\">\n\t\t\t\t\t\t<div class=\"elementor-element elementor-element-pcup6fk elementor-widget elementor-widget-text-editor\" data-id=\"pcup6fk\" data-element_type=\"widget\" data-e-type=\"widget\" data-widget_type=\"text-editor.default\">\n\t\t\t\t<div class=\"elementor-widget-container\">\n\t\t\t\t\t\t\t\t\t<p><style type=\"text\/css\">\n\t<!--\n\t\t@page { margin: 2cm }\n\t\tP { margin-bottom: 0.21cm }\n\t-->\n\t<\/style><\/p><p>Tras un proceso de recolecci\u00f3n, por parte de apicultores experimentados, el producto se envasa a trav\u00e9s de un proceso que asegura la m\u00e1xima preservaci\u00f3n de sus propiedades naturales.<\/p><p>Hernando Hurtado tambi\u00e9n ofrece a sus clientes la posibilidad de realizar envasado o fraccionado a terceros, flexibilizando adem\u00e1s la posibilidad de crear formatos personalizados.<\/p>\t\t\t\t\t\t\t\t<\/div>\n\t\t\t\t<\/div>\n\t\t\t\t\t<\/div>\n\t\t<\/div>\n\t\t\t\t\t<\/div>\n\t\t<\/section>\n\t\t\t\t<section class=\"elementor-section elementor-top-section elementor-element elementor-element-d7wwwks elementor-section-boxed elementor-section-height-default elementor-section-height-default\" data-id=\"d7wwwks\" data-element_type=\"section\" data-e-type=\"section\">\n\t\t\t\t\t\t<div class=\"elementor-container elementor-column-gap-default\">\n\t\t\t\t\t<div class=\"elementor-column elementor-col-100 elementor-top-column elementor-element elementor-element-gkmljpj\" data-id=\"gkmljpj\" data-element_type=\"column\" data-e-type=\"column\">\n\t\t\t<div class=\"elementor-widget-wrap elementor-element-populated\">\n\t\t\t\t\t\t<div class=\"elementor-element elementor-element-y6pbjtp elementor-widget elementor-widget-image\" data-id=\"y6pbjtp\" data-element_type=\"widget\" data-e-type=\"widget\" data-widget_type=\"image.default\">\n\t\t\t\t<div class=\"elementor-widget-container\">\n\t\t\t\t\t\t\t\t\t\t\t\t\t\t\t<img fetchpriority=\"high\" decoding=\"async\" width=\"800\" height=\"374\" src=\"https:\/\/hernandohurtado.com\/wp-content\/uploads\/2017\/08\/botes.png\" class=\"attachment-large size-large wp-image-71\" alt=\"\" srcset=\"https:\/\/hernandohurtado.com\/wp-content\/uploads\/2017\/08\/botes.png 1000w, https:\/\/hernandohurtado.com\/wp-content\/uploads\/2017\/08\/botes-300x140.png 300w, https:\/\/hernandohurtado.com\/wp-content\/uploads\/2017\/08\/botes-768x359.png 768w\" sizes=\"(max-width: 800px) 100vw, 800px\" \/>\t\t\t\t\t\t\t\t\t\t\t\t\t\t\t<\/div>\n\t\t\t\t<\/div>\n\t\t\t\t\t<\/div>\n\t\t<\/div>\n\t\t\t\t\t<\/div>\n\t\t<\/section>\n\t\t\t\t<section class=\"elementor-section elementor-top-section elementor-element elementor-element-dff668e elementor-section-boxed elementor-section-height-default elementor-section-height-default\" data-id=\"dff668e\" data-element_type=\"section\" data-e-type=\"section\">\n\t\t\t\t\t\t<div class=\"elementor-container elementor-column-gap-default\">\n\t\t\t\t\t<div class=\"elementor-column elementor-col-100 elementor-top-column elementor-element elementor-element-efbd6ba\" data-id=\"efbd6ba\" data-element_type=\"column\" data-e-type=\"column\">\n\t\t\t<div class=\"elementor-widget-wrap elementor-element-populated\">\n\t\t\t\t\t\t<div class=\"elementor-element elementor-element-9cb459c elementor-widget elementor-widget-image\" data-id=\"9cb459c\" data-element_type=\"widget\" data-e-type=\"widget\" data-widget_type=\"image.default\">\n\t\t\t\t<div class=\"elementor-widget-container\">\n\t\t\t\t\t\t\t\t\t\t\t\t\t\t\t<img decoding=\"async\" width=\"800\" height=\"50\" src=\"https:\/\/hernandohurtado.com\/wp-content\/uploads\/2024\/11\/logoshh-1024x64.png\" class=\"attachment-large size-large wp-image-143\" alt=\"\" srcset=\"https:\/\/hernandohurtado.com\/wp-content\/uploads\/2024\/11\/logoshh-1024x64.png 1024w, https:\/\/hernandohurtado.com\/wp-content\/uploads\/2024\/11\/logoshh-300x19.png 300w, https:\/\/hernandohurtado.com\/wp-content\/uploads\/2024\/11\/logoshh-768x48.png 768w\" sizes=\"(max-width: 800px) 100vw, 800px\" \/>\t\t\t\t\t\t\t\t\t\t\t\t\t\t\t<\/div>\n\t\t\t\t<\/div>\n\t\t\t\t\t<\/div>\n\t\t<\/div>\n\t\t\t\t\t<\/div>\n\t\t<\/section>\n\t\t\t\t<\/div>\n\t\t","protected":false},"excerpt":{"rendered":"<p>Tras un proceso de recolecci\u00f3n, por parte de apicultores experimentados, el producto se envasa a trav\u00e9s de un proceso que asegura la m\u00e1xima preservaci\u00f3n de sus propiedades naturales. Hernando Hurtado tambi\u00e9n ofrece a sus clientes la posibilidad de realizar envasado o fraccionado a terceros, flexibilizando adem\u00e1s la posibilidad de crear formatos personalizados.<\/p>\n","protected":false},"author":1,"featured_media":0,"parent":0,"menu_order":0,"comment_status":"closed","ping_status":"closed","template":"","meta":{"footnotes":""},"class_list":["post-25","page","type-page","status-publish","hentry"],"_links":{"self":[{"href":"https:\/\/hernandohurtado.com\/index.php?rest_route=\/wp\/v2\/pages\/25","targetHints":{"allow":["GET"]}}],"collection":[{"href":"https:\/\/hernandohurtado.com\/index.php?rest_route=\/wp\/v2\/pages"}],"about":[{"href":"https:\/\/hernandohurtado.com\/index.php?rest_route=\/wp\/v2\/types\/page"}],"author":[{"embeddable":true,"href":"https:\/\/hernandohurtado.com\/index.php?rest_route=\/wp\/v2\/users\/1"}],"replies":[{"embeddable":true,"href":"https:\/\/hernandohurtado.com\/index.php?rest_route=%2Fwp%2Fv2%2Fcomments&post=25"}],"version-history":[{"count":2,"href":"https:\/\/hernandohurtado.com\/index.php?rest_route=\/wp\/v2\/pages\/25\/revisions"}],"predecessor-version":[{"id":152,"href":"https:\/\/hernandohurtado.com\/index.php?rest_route=\/wp\/v2\/pages\/25\/revisions\/152"}],"wp:attachment":[{"href":"https:\/\/hernandohurtado.com\/index.php?rest_route=%2Fwp%2Fv2%2Fmedia&parent=25"}],"curies":[{"name":"wp","href":"https:\/\/api.w.org\/{rel}","templated":true}]}}